{"id":9,"date":"2025-07-20T03:34:07","date_gmt":"2025-07-20T03:34:07","guid":{"rendered":"https:\/\/giupviecnhakimngansg.com.vn\/?page_id=9"},"modified":"2025-07-20T04:27:45","modified_gmt":"2025-07-20T04:27:45","slug":"trang-chu","status":"publish","type":"page","link":"https:\/\/giupviecnhakimngansg.com.vn\/","title":{"rendered":""},"content":{"rendered":"\n<p><\/p>\n\n\n\n<p><\/p>\n\n\n\n<div class=\"wp-block-cover alignfull is-light\" style=\"min-height:721px;aspect-ratio:unset;\"><img loading=\"lazy\" decoding=\"async\" width=\"1670\" height=\"787\" class=\"wp-block-cover__image-background wp-image-45 size-full\" alt=\"\" src=\"https:\/\/giupviecnhakimngansg.com.vn\/wp-content\/uploads\/2025\/07\/a1-1.png\" data-object-fit=\"cover\" srcset=\"https:\/\/giupviecnhakimngansg.com.vn\/wp-content\/uploads\/2025\/07\/a1-1.png 1670w, https:\/\/giupviecnhakimngansg.com.vn\/wp-content\/uploads\/2025\/07\/a1-1-300x141.png 300w, https:\/\/giupviecnhakimngansg.com.vn\/wp-content\/uploads\/2025\/07\/a1-1-1024x483.png 1024w, https:\/\/giupviecnhakimngansg.com.vn\/wp-content\/uploads\/2025\/07\/a1-1-768x362.png 768w, https:\/\/giupviecnhakimngansg.com.vn\/wp-content\/uploads\/2025\/07\/a1-1-1536x724.png 1536w\" sizes=\"auto, (max-width: 1670px) 100vw, 1670px\" \/><span aria-hidden=\"true\" class=\"wp-block-cover__background has-background-dim-0 has-background-dim has-background-gradient\" style=\"background-color:#dde0e1;background:linear-gradient(35deg,rgb(6,0,151) 0%,rgb(130,4,255) 73%,rgb(193,15,255) 100%)\"><\/span><div class=\"wp-block-cover__inner-container is-layout-flow wp-block-cover-is-layout-flow\">\n<div class=\"inherit-container-width wp-block-group alignwide is-layout-constrained wp-block-group-is-layout-constrained\"><\/div>\n<\/div><\/div>\n\n\n\n<div class=\"wp-block-group alignfull has-ast-global-color-5-background-color has-background is-layout-constrained wp-container-core-group-is-layout-9cedb757 wp-block-group-is-layout-constrained\" style=\"padding-bottom:0px\">\n<p class=\"has-text-align-center\"><strong>Gi\u1edbi thi\u1ec7u qua v\u1ec1 Kim Ng\u00e2n SG<\/strong><\/p>\n\n\n\n<p>Gi\u00fap vi\u1ec7c Kim Ng\u00e2n &#8211; SG l\u00e0 c\u00f4ng ty k\u1ebft n\u1ed1i nhu c\u1ea7u gi\u00fap vi\u1ec7c c\u1ee7a kh\u00e1ch h\u00e0ng v\u00e0 ng\u01b0\u1eddi lao \u0111\u1ed9ng. \u0110\u1ebfn th\u1eddi \u0111i\u1ec3m hi\u1ec7n t\u1ea1i, ch\u00fang t\u00f4i \u0111\u00e3 t\u1ea1o ra gi\u00e1 tr\u1ecb vi\u1ec7c l\u00e0m cho h\u01a1n 1.000 lao \u0111\u1ed9ng gi\u00fap vi\u1ec7c, ph\u1ee5c v\u1ee5 t\u1ea1i nhi\u1ec1u t\u1ec9nh th\u00e0nh tr\u00ean c\u1ea3 n\u01b0\u1edbc. Kh\u00e1c v\u1edbi nh\u1eefng \u0111\u01a1n v\u1ecb kh\u00e1c, ch\u00fang t\u00f4i t\u1ef1 h\u00e0o s\u1edf h\u1eefu h\u1ec7 th\u1ed1ng qu\u1ea3n l\u00fd ch\u1ea5t l\u01b0\u1ee3ng, chuy\u00ean nghi\u1ec7p, \u0111\u1ea3m b\u1ea3o ng\u01b0\u1eddi gi\u00fap vi\u1ec7c lu\u00f4n \u0111\u01b0\u1ee3c \u0111\u00e0o t\u1ea1o b\u00e0i b\u1ea3n v\u1ec1 k\u1ef9 n\u0103ng, ki\u1ebfn th\u1ee9c v\u00e0 th\u00e1i \u0111\u1ed9 ph\u1ee5c v\u1ee5. V\u1edbi \u0110\u1ee9c T\u00e2m, kh\u00e1ch h\u00e0ng ho\u00e0n to\u00e0n y\u00ean t\u00e2m v\u1ec1 s\u1ef1 ng\u0103n n\u1eafp, an to\u00e0n v\u00e0 b\u1ea3o m\u1eadt trong ch\u00ednh ng\u00f4i nh\u00e0 c\u1ee7a m\u00ecnh.<\/p>\n<\/div>\n\n\n\n<div class=\"wp-block-group alignfull is-layout-constrained wp-container-core-group-is-layout-45b0ac4f wp-block-group-is-layout-constrained\" id=\"services\" style=\"padding-top:144px;padding-bottom:0px\">\n<h2 class=\"wp-block-heading\">D\u1ecbch v\u1ee5 c\u1ee7a ch\u00fang t\u00f4i<\/h2>\n\n\n\n<div class=\"wp-block-columns is-layout-flex wp-container-core-columns-is-layout-60cbf9bb wp-block-columns-is-layout-flex\" style=\"margin-top:50px\">\n<div class=\"wp-block-column is-layout-flow wp-container-core-column-is-layout-6b73ce23 wp-block-column-is-layout-flow\">\n<figure class=\"wp-block-image size-full\"><img loading=\"lazy\" decoding=\"async\" width=\"800\" height=\"533\" src=\"https:\/\/giupviecnhakimngansg.com.vn\/wp-content\/uploads\/2025\/07\/giup-viec-nha-tri-duc-364043.jpg\" alt=\"\" class=\"wp-image-31\" style=\"aspect-ratio:4\/3;object-fit:cover\" srcset=\"https:\/\/giupviecnhakimngansg.com.vn\/wp-content\/uploads\/2025\/07\/giup-viec-nha-tri-duc-364043.jpg 800w, https:\/\/giupviecnhakimngansg.com.vn\/wp-content\/uploads\/2025\/07\/giup-viec-nha-tri-duc-364043-300x200.jpg 300w, https:\/\/giupviecnhakimngansg.com.vn\/wp-content\/uploads\/2025\/07\/giup-viec-nha-tri-duc-364043-768x512.jpg 768w\" sizes=\"auto, (max-width: 800px) 100vw, 800px\" \/><\/figure>\n\n\n\n<h3 class=\"wp-block-heading\" style=\"margin-top:16px\">Gi\u00fap vi\u1ec7c nh\u00e0, n\u1ea5u \u0103n<\/h3>\n\n\n\n<p>D\u1ecdn d\u1eb9p nh\u00e0 c\u1eeda, n\u1ea5u \u0103n m\u1ed7i ng\u00e0y ho\u1eb7c theo gi\u1edd.<br>Ng\u01b0\u1eddi l\u00e0m c\u00f3 kinh nghi\u1ec7m, trung th\u1ef1c, l\u00e0m l\u00e2u d\u00e0i.<\/p>\n<\/div>\n\n\n\n<div class=\"wp-block-column is-layout-flow wp-container-core-column-is-layout-6b73ce23 wp-block-column-is-layout-flow\">\n<figure class=\"wp-block-image size-full\"><img loading=\"lazy\" decoding=\"async\" width=\"1024\" height=\"683\" src=\"https:\/\/giupviecnhakimngansg.com.vn\/wp-content\/uploads\/2025\/07\/chambe.jpg\" alt=\"\" class=\"wp-image-53\" style=\"aspect-ratio:4\/3;object-fit:cover\" srcset=\"https:\/\/giupviecnhakimngansg.com.vn\/wp-content\/uploads\/2025\/07\/chambe.jpg 1024w, https:\/\/giupviecnhakimngansg.com.vn\/wp-content\/uploads\/2025\/07\/chambe-300x200.jpg 300w, https:\/\/giupviecnhakimngansg.com.vn\/wp-content\/uploads\/2025\/07\/chambe-768x512.jpg 768w\" sizes=\"auto, (max-width: 1024px) 100vw, 1024px\" \/><\/figure>\n\n\n\n<h3 class=\"wp-block-heading\" style=\"margin-top:16px\">Ch\u0103m sinh, ch\u0103m em b\u00e9<\/h3>\n\n\n\n<p>Ch\u0103m b\u00e9 s\u01a1 sinh \u2013 tr\u1ebb nh\u1ecf chu \u0111\u00e1o, s\u1ea1ch s\u1ebd.<br>C\u00f3 kinh nghi\u1ec7m, hi\u1ec3u t\u00e2m l\u00fd b\u00e9, bi\u1ebft n\u1ea5u \u0103n d\u1eb7m.<\/p>\n<\/div>\n\n\n\n<div class=\"wp-block-column is-layout-flow wp-container-core-column-is-layout-6b73ce23 wp-block-column-is-layout-flow\">\n<figure class=\"wp-block-image size-full\"><img loading=\"lazy\" decoding=\"async\" width=\"768\" height=\"432\" src=\"https:\/\/giupviecnhakimngansg.com.vn\/wp-content\/uploads\/2025\/07\/chamba.jpg\" alt=\"\" class=\"wp-image-55\" style=\"aspect-ratio:4\/3;object-fit:cover\" srcset=\"https:\/\/giupviecnhakimngansg.com.vn\/wp-content\/uploads\/2025\/07\/chamba.jpg 768w, https:\/\/giupviecnhakimngansg.com.vn\/wp-content\/uploads\/2025\/07\/chamba-300x169.jpg 300w\" sizes=\"auto, (max-width: 768px) 100vw, 768px\" \/><\/figure>\n\n\n\n<h3 class=\"wp-block-heading\" style=\"margin-top:16px\">Ch\u0103m \u00f4ng b\u00e0, ch\u0103m b\u1ec7nh<\/h3>\n\n\n\n<p>Gi\u00fap ch\u0103m ng\u01b0\u1eddi l\u1edbn tu\u1ed5i, ng\u01b0\u1eddi b\u1ec7nh t\u1ea1i nh\u00e0.<br>Nh\u1eb9 nh\u00e0ng, c\u1ea9n th\u1eadn, t\u1eebng ch\u0103m s\u00f3c ng\u01b0\u1eddi tai bi\u1ebfn, \u0111i l\u1ea1i kh\u00f3 kh\u0103n.<\/p>\n<\/div>\n<\/div>\n<\/div>\n\n\n\n<div class=\"wp-block-group alignfull has-ast-global-color-5-background-color has-background is-layout-constrained wp-container-core-group-is-layout-94d206d0 wp-block-group-is-layout-constrained\" id=\"about\" style=\"padding-top:143px;padding-bottom:144px\">\n<div class=\"wp-block-media-text has-media-on-the-right is-stacked-on-mobile is-vertically-aligned-center\"><div class=\"wp-block-media-text__content\">\n<div class=\"inherit-container-width wp-block-group is-layout-constrained wp-container-core-group-is-layout-47ce07ec wp-block-group-is-layout-constrained\" style=\"padding-right:80px\">\n<h2 class=\"wp-block-heading\" style=\"padding-right:40px\">We help teams build the business of their dreams<\/h2>\n\n\n\n<p>Et in risus egestas nec vitae odio ac nibh vestibulum volutpat aliquet aenean erat lobortis non.<\/p>\n\n\n\n<p>Nibh egestas dictumst cursus est turpis quis tincidunt pulvinar maecenas eget massa vel, ante nam blandit egestas enim id quis sit maecenas id nunc tempus auctor orci, enim imperdiet proin nibh mattis.<\/p>\n<\/div>\n<\/div><figure class=\"wp-block-media-text__media\"><img decoding=\"async\" src=\"https:\/\/giupviecnhakimngansg.com.vn\/wp-content\/themes\/astra\/inc\/assets\/images\/starter-content\/about-us.jpg\" alt=\"\" class=\"wp-image-237 size-full\"\/><\/figure><\/div>\n<\/div>\n\n\n\n<div class=\"wp-block-group alignfull has-ast-global-color-4-background-color has-background is-layout-constrained wp-container-core-group-is-layout-6a2cfb7b wp-block-group-is-layout-constrained\" id=\"reviews\">\n<figure class=\"wp-block-image aligncenter size-full\"><img decoding=\"async\" src=\"https:\/\/giupviecnhakimngansg.com.vn\/wp-content\/themes\/astra\/inc\/assets\/images\/starter-content\/avatar.png\" alt=\"\" class=\"wp-image-235\"\/><\/figure>\n\n\n\n<p class=\"has-text-align-center\" style=\"font-size:22px;line-height:1.6\">\u201cThe best part is that Astra comes with hundreds of professionally designed templates for just about every industry, makes it super easy for non-techy users to build a website.\u201d<\/p>\n\n\n\n<p class=\"has-text-align-center\"><strong>Wade Warren<\/strong><\/p>\n<\/div>\n\n\n\n<div class=\"wp-block-group alignfull is-layout-constrained wp-container-core-group-is-layout-3fee123f wp-block-group-is-layout-constrained\" id=\"whyus\" style=\"padding-top:144px;padding-bottom:144px\">\n<h2 class=\"wp-block-heading\">Why Choose Us<\/h2>\n\n\n\n<div class=\"wp-block-columns is-layout-flex wp-container-core-columns-is-layout-29aadeec wp-block-columns-is-layout-flex\" style=\"margin-top:60px\">\n<div class=\"wp-block-column is-layout-flow wp-container-core-column-is-layout-6b73ce23 wp-block-column-is-layout-flow\">\n<figure class=\"wp-block-image size-large\"><img decoding=\"async\" src=\"https:\/\/giupviecnhakimngansg.com.vn\/wp-content\/themes\/astra\/inc\/assets\/images\/starter-content\/passionate.svg\" alt=\"\" class=\"wp-image-162\"\/><\/figure>\n\n\n\n<h3 class=\"wp-block-heading\" style=\"margin-top:16px\">Passionate<\/h3>\n\n\n\n<p>Tempor ullamcorper urna, est, lectus amet sit tempor pretium mi sed morbi cras posuere sit ultrices bibendum augue sit ornare.<\/p>\n<\/div>\n\n\n\n<div class=\"wp-block-column is-layout-flow wp-container-core-column-is-layout-6b73ce23 wp-block-column-is-layout-flow\">\n<figure class=\"wp-block-image size-large\"><img decoding=\"async\" src=\"https:\/\/giupviecnhakimngansg.com.vn\/wp-content\/themes\/astra\/inc\/assets\/images\/starter-content\/professional.svg\" alt=\"\" class=\"wp-image-163\"\/><\/figure>\n\n\n\n<h3 class=\"wp-block-heading\" style=\"margin-top:16px\">Professional<\/h3>\n\n\n\n<p>Tempor ullamcorper urna, est, lectus amet sit tempor pretium mi sed morbi cras posuere sit ultrices bibendum augue sit ornare.<\/p>\n<\/div>\n\n\n\n<div class=\"wp-block-column is-layout-flow wp-container-core-column-is-layout-6b73ce23 wp-block-column-is-layout-flow\">\n<figure class=\"wp-block-image size-large\"><img decoding=\"async\" src=\"https:\/\/giupviecnhakimngansg.com.vn\/wp-content\/themes\/astra\/inc\/assets\/images\/starter-content\/support.svg\" alt=\"\" class=\"wp-image-164\"\/><\/figure>\n\n\n\n<h3 class=\"wp-block-heading\" style=\"margin-top:16px\">Support<\/h3>\n\n\n\n<p>Tempor ullamcorper urna, est, lectus amet sit tempor pretium mi sed morbi cras posuere sit ultrices bibendum augue sit ornare.<\/p>\n<\/div>\n<\/div>\n<\/div>\n\n\n\n<div class=\"wp-block-group alignfull has-background is-layout-constrained wp-container-core-group-is-layout-cfcca693 wp-block-group-is-layout-constrained\" id=\"contact\" style=\"background:linear-gradient(35deg,rgb(6,0,151) 0%,rgb(130,4,255) 64%,rgb(193,15,255) 98%);padding-top:104px;padding-bottom:104px\">\n<h2 class=\"wp-block-heading has-text-align-center has-text-color\" style=\"color:#ffffff\">Get a professional website today!<\/h2>\n\n\n\n<div class=\"wp-block-buttons alignwide is-horizontal is-content-justification-center is-layout-flex wp-container-core-buttons-is-layout-bba8380a wp-block-buttons-is-layout-flex\" style=\"margin-top:50px\">\n<div class=\"wp-block-button\"><a class=\"wp-block-button__link wp-element-button\">Make a Website<\/a><\/div>\n<\/div>\n<\/div>\n","protected":false},"excerpt":{"rendered":"<p>Gi\u1edbi thi\u1ec7u qua v\u1ec1 Kim Ng\u00e2n SG Gi\u00fap vi\u1ec7c Kim Ng\u00e2n &#8211; SG l\u00e0 c\u00f4ng ty k\u1ebft n\u1ed1i nhu c\u1ea7u [&hellip;]<\/p>\n","protected":false},"author":1,"featured_media":0,"parent":0,"menu_order":0,"comment_status":"closed","ping_status":"closed","template":"","meta":{"site-sidebar-layout":"no-sidebar","site-content-layout":"plain-container","ast-site-content-layout":"default","site-content-style":"default","site-sidebar-style":"default","ast-global-header-display":"","ast-banner-title-visibility":"","ast-main-header-display":"","ast-hfb-above-header-display":"","ast-hfb-below-header-display":"","ast-hfb-mobile-header-display":"","site-post-title":"","ast-breadcrumbs-content":"","ast-featured-img":"","footer-sml-layout":"","theme-transparent-header-meta":"enabled","adv-header-id-meta":"","stick-header-meta":"","header-above-stick-meta":"","header-main-stick-meta":"","header-below-stick-meta":"","astra-migrate-meta-layouts":"default","ast-page-background-enabled":"default","ast-page-background-meta":{"desktop":{"background-color":"var(--ast-global-color-5)","background-image":"","background-repeat":"repeat","background-position":"center center","background-size":"auto","background-attachment":"scroll","background-type":"","background-media":"","overlay-type":"","overlay-color":"","overlay-opacity":"","overlay-gradient":""},"tablet":{"background-color":"","background-image":"","background-repeat":"repeat","background-position":"center center","background-size":"auto","background-attachment":"scroll","background-type":"","background-media":"","overlay-type":"","overlay-color":"","overlay-opacity":"","overlay-gradient":""},"mobile":{"background-color":"","background-image":"","background-repeat":"repeat","background-position":"center center","background-size":"auto","background-attachment":"scroll","background-type":"","background-media":"","overlay-type":"","overlay-color":"","overlay-opacity":"","overlay-gradient":""}},"ast-content-background-meta":{"desktop":{"background-color":"var(--ast-global-color-4)","background-image":"","background-repeat":"repeat","background-position":"center center","background-size":"auto","background-attachment":"scroll","background-type":"","background-media":"","overlay-type":"","overlay-color":"","overlay-opacity":"","overlay-gradient":""},"tablet":{"background-color":"var(--ast-global-color-4)","background-image":"","background-repeat":"repeat","background-position":"center center","background-size":"auto","background-attachment":"scroll","background-type":"","background-media":"","overlay-type":"","overlay-color":"","overlay-opacity":"","overlay-gradient":""},"mobile":{"background-color":"var(--ast-global-color-4)","background-image":"","background-repeat":"repeat","background-position":"center center","background-size":"auto","background-attachment":"scroll","background-type":"","background-media":"","overlay-type":"","overlay-color":"","overlay-opacity":"","overlay-gradient":""}},"footnotes":""},"class_list":["post-9","page","type-page","status-publish","hentry"],"_links":{"self":[{"href":"https:\/\/giupviecnhakimngansg.com.vn\/index.php\/wp-json\/wp\/v2\/pages\/9","targetHints":{"allow":["GET"]}}],"collection":[{"href":"https:\/\/giupviecnhakimngansg.com.vn\/index.php\/wp-json\/wp\/v2\/pages"}],"about":[{"href":"https:\/\/giupviecnhakimngansg.com.vn\/index.php\/wp-json\/wp\/v2\/types\/page"}],"author":[{"embeddable":true,"href":"https:\/\/giupviecnhakimngansg.com.vn\/index.php\/wp-json\/wp\/v2\/users\/1"}],"replies":[{"embeddable":true,"href":"https:\/\/giupviecnhakimngansg.com.vn\/index.php\/wp-json\/wp\/v2\/comments?post=9"}],"version-history":[{"count":20,"href":"https:\/\/giupviecnhakimngansg.com.vn\/index.php\/wp-json\/wp\/v2\/pages\/9\/revisions"}],"predecessor-version":[{"id":58,"href":"https:\/\/giupviecnhakimngansg.com.vn\/index.php\/wp-json\/wp\/v2\/pages\/9\/revisions\/58"}],"wp:attachment":[{"href":"https:\/\/giupviecnhakimngansg.com.vn\/index.php\/wp-json\/wp\/v2\/media?parent=9"}],"curies":[{"name":"wp","href":"https:\/\/api.w.org\/{rel}","templated":true}]}}